{"id":381,"date":"2025-08-07T07:14:33","date_gmt":"2025-08-07T07:14:33","guid":{"rendered":"https:\/\/rothornsicht.ch\/?page_id=381"},"modified":"2026-04-05T16:17:49","modified_gmt":"2026-04-05T16:17:49","slug":"soerenberg-im-winter","status":"publish","type":"page","link":"https:\/\/rothornsicht.ch\/index.php\/soerenberg-im-winter\/","title":{"rendered":"S\u00f6renberg im Winter"},"content":{"rendered":"\n<h2 class=\"wp-block-heading\"><strong>Winterzauber in S\u00f6renberg \u2013 direkt vor der Haust\u00fcr<\/strong><\/h2>\n\n\n\n<p>Wenn die Landschaft in S\u00f6renberg in ihr weisses Winterkleid geh\u00fcllt ist, beginnt eine ganz besondere Zeit. <strong>Das familienfreundliche Skigebiet<\/strong> <strong>S\u00f6renberg <\/strong>lockt mit bestens pr\u00e4parierten Pisten, <strong>herrlichen Winterwanderwegen und traumhaften Aussichten<\/strong> im wundersch\u00f6nen Naturgebiet der UNESCO Biosph\u00e4re Entlebuch. Dank der guten Erreichbarkeit eignet sich S\u00f6renberg perfekt f\u00fcr einen spontanen Kurztrip oder entspannte Winterferien.<\/p>\n\n\n\n<p>Die <strong>Wintersportsaison 2026-2027<\/strong> in S\u00f6renberg beginnt in:<\/p>\n\n\n<style type='text\/css'>.wpcdt-timer-619 .wpcdt-clock{max-width: 750px;}<\/style>\n<div class=\"wpcdt-wrap wpcdt-timer-wrap wpcdt-clearfix  wpcdt-timer-circle wpcdt-timer-619\" data-conf=\"{&quot;current_date&quot;:&quot;2026-04-16 01:49:26&quot;,&quot;expiry_date&quot;:&quot;2026-12-19 08:30:00&quot;,&quot;timercircle_animation&quot;:&quot;smooth&quot;,&quot;timercircle_width&quot;:0.1,&quot;timer_bg_width&quot;:1.2,&quot;timer_bgclr&quot;:&quot;#6a8252&quot;,&quot;timer_day_bgclr&quot;:&quot;#ffffff&quot;,&quot;timer_hour_bgclr&quot;:&quot;#ffffff&quot;,&quot;timer_minute_bgclr&quot;:&quot;#75bf44&quot;,&quot;timer_second_bgclr&quot;:&quot;#66c5af&quot;,&quot;day_text&quot;:&quot;Tage&quot;,&quot;hour_text&quot;:&quot;Stunden&quot;,&quot;minute_text&quot;:&quot;Minutes&quot;,&quot;second_text&quot;:&quot;Seconds&quot;,&quot;is_days&quot;:1,&quot;is_hours&quot;:1,&quot;is_minutes&quot;:&quot;&quot;,&quot;is_seconds&quot;:&quot;&quot;}\">\n\t<div class=\"wpcdt-timer-inr wpcdt-timer wpcdt-timer-js\" id=\"wpcdt-timer-1\" data-id=\"619\">\n\t\t<div class=\"wpcdt-clock wpcdt-clock-circle\" data-timer=\"21364834\"><\/div>\n\t<\/div>\n<\/div>\n\n\n\n<p class=\"has-text-align-center\">(Voraussichtliche Saisonstart: <strong>19. Dezember 2026<\/strong>)<\/p>\n\n\n\n<div style=\"height:20px\" aria-hidden=\"true\" class=\"wp-block-spacer\"><\/div>\n\n\n\n<hr class=\"wp-block-separator has-text-color has-accent-color has-alpha-channel-opacity has-accent-background-color has-background\" style=\"margin-top:var(--wp--preset--spacing--50);margin-bottom:var(--wp--preset--spacing--50)\"\/>\n\n\n\n<div class=\"wp-block-buttons is-content-justification-center is-layout-flex wp-container-core-buttons-is-layout-a89b3969 wp-block-buttons-is-layout-flex\">\n<div class=\"wp-block-button\"><a class=\"wp-block-button__link has-accent-background-color has-background has-text-align-left wp-element-button\" href=\"https:\/\/rothornsicht.ch\/index.php\/appartement-rothornsicht-buchen\/#anfrage\">Buchen Wintersaison 2026-2027<\/a><\/div>\n<\/div>\n\n\n\n<hr class=\"wp-block-separator has-text-color has-accent-color has-alpha-channel-opacity has-accent-background-color has-background\" style=\"margin-top:var(--wp--preset--spacing--50);margin-bottom:var(--wp--preset--spacing--50)\"\/>\n\n\n\n<div style=\"height:20px\" aria-hidden=\"true\" class=\"wp-block-spacer\"><\/div>\n\n\n\n<section class=\"webcam-live\">\n  <h2>Live-Webcam Rothorn<\/h2>\n  <div style=\"max-width:800px; margin:auto;\">\n    <iframe loading=\"lazy\"\n      src=\"https:\/\/webtv.feratel.com\/webtv\/?design=v5&#038;cam=24096&#038;c1=0\"\n      width=\"100%\"\n      height=\"400\"\n      frameborder=\"0\"\n      allowfullscreen>\n    <\/iframe>\n  <\/div>\n  <p style=\"text-align:center; font-size:0.9em; color:#555;\">Live-Blick auf Eisee\/Rothorn, S\u00f6renberg<\/p>\n<\/section>\n\n\n\n<section class=\"webcam-live\">\n  <h2>Live-Webcam Rossweid \u2013 S\u00f6renberg<\/h2>\n  <div style=\"max-width:800px; margin:auto;\">\n    <iframe loading=\"lazy\"\n      src=\"https:\/\/webtv.feratel.com\/webtv\/?design=v5&#038;cam=4095&#038;c1=0\"\n      width=\"100%\"\n      height=\"400\"\n      frameborder=\"0\"\n      allowfullscreen>\n    <\/iframe>\n  <\/div>\n  <p style=\"text-align:center; font-size:0.9em; color:#555;\">Live-Blick auf Rossweid, S\u00f6renberg<\/p>\n<\/section>\n\n\n\n<figure class=\"wp-block-image size-large\"><img loading=\"lazy\" decoding=\"async\" width=\"1024\" height=\"683\" src=\"https:\/\/rothornsicht.ch\/wp-content\/uploads\/2026\/01\/Steinetli-Aussicht-Schnee-1024x683.png\" alt=\"Steinetli Bergstation Aussicht Winter\" class=\"wp-image-674\" srcset=\"https:\/\/rothornsicht.ch\/wp-content\/uploads\/2026\/01\/Steinetli-Aussicht-Schnee-1024x683.png 1024w, https:\/\/rothornsicht.ch\/wp-content\/uploads\/2026\/01\/Steinetli-Aussicht-Schnee-300x200.png 300w, https:\/\/rothornsicht.ch\/wp-content\/uploads\/2026\/01\/Steinetli-Aussicht-Schnee-768x512.png 768w, https:\/\/rothornsicht.ch\/wp-content\/uploads\/2026\/01\/Steinetli-Aussicht-Schnee-360x240.png 360w, https:\/\/rothornsicht.ch\/wp-content\/uploads\/2026\/01\/Steinetli-Aussicht-Schnee.png 1536w\" sizes=\"auto, (max-width: 1024px) 100vw, 1024px\" \/><figcaption class=\"wp-element-caption\">Aussicht Bergstation Steinetli<\/figcaption><\/figure>\n\n\n\n<div style=\"height:20px\" aria-hidden=\"true\" class=\"wp-block-spacer\"><\/div>\n\n\n\n<hr class=\"wp-block-separator has-text-color has-accent-color has-alpha-channel-opacity has-accent-background-color has-background\" style=\"margin-top:var(--wp--preset--spacing--50);margin-bottom:var(--wp--preset--spacing--50)\"\/>\n\n\n\n<div class=\"wp-block-buttons is-content-justification-center is-layout-flex wp-container-core-buttons-is-layout-a89b3969 wp-block-buttons-is-layout-flex\">\n<div class=\"wp-block-button\"><a class=\"wp-block-button__link has-accent-background-color has-background has-text-align-left wp-element-button\" href=\"https:\/\/rothornsicht.ch\/index.php\/appartement-rothornsicht-buchen\/#anfrage\">Buchen Wintersaison 2026-2027<\/a><\/div>\n<\/div>\n\n\n\n<hr class=\"wp-block-separator has-text-color has-accent-color has-alpha-channel-opacity has-accent-background-color has-background\" style=\"margin-top:var(--wp--preset--spacing--50);margin-bottom:var(--wp--preset--spacing--50)\"\/>\n\n\n\n<div style=\"height:20px\" aria-hidden=\"true\" class=\"wp-block-spacer\"><\/div>\n\n\n\n<h2 class=\"wp-block-heading\">Skiferien in der Schweiz \u2013 anders, n\u00e4her, besser<\/h2>\n\n\n\n<p>Warum so weit fahren, wenn das echte Winterparadies <strong>so nah<\/strong> liegt? <strong>S\u00f6renberg<\/strong> in der Zentralschweiz ist <strong>das ideale Skigebiet f\u00fcr Familien<\/strong> \u2013 \u00fcberschaubar, freundlich, fair im Preis und eingebettet in traumhafte Natur.<\/p>\n\n\n\n<p>Entfernung nach S\u00f6renberg von:<\/p>\n\n\n\n<ul class=\"wp-block-list\">\n<li>Utrecht: 820 Kilometer<\/li>\n\n\n\n<li>Br\u00fcssel: 680 Kilometer<\/li>\n\n\n\n<li>Frankfurt: 440 Kilometer<\/li>\n<\/ul>\n\n\n\n<p>Der Sessellift ist nur wenige Gehminuten (ca. 800 Meter) vom Apartment Rothornsicht entfernt.<\/p>\n\n\n\n<figure class=\"wp-block-image size-large\"><img loading=\"lazy\" decoding=\"async\" width=\"1024\" height=\"683\" src=\"https:\/\/rothornsicht.ch\/wp-content\/uploads\/2026\/01\/4er-Sessel-Platz-Soerenberg-1024x683.png\" alt=\"Talstation S\u00f6renberg Platz 4er Sessel\" class=\"wp-image-676\" srcset=\"https:\/\/rothornsicht.ch\/wp-content\/uploads\/2026\/01\/4er-Sessel-Platz-Soerenberg-1024x683.png 1024w, https:\/\/rothornsicht.ch\/wp-content\/uploads\/2026\/01\/4er-Sessel-Platz-Soerenberg-300x200.png 300w, https:\/\/rothornsicht.ch\/wp-content\/uploads\/2026\/01\/4er-Sessel-Platz-Soerenberg-768x512.png 768w, https:\/\/rothornsicht.ch\/wp-content\/uploads\/2026\/01\/4er-Sessel-Platz-Soerenberg-360x240.png 360w, https:\/\/rothornsicht.ch\/wp-content\/uploads\/2026\/01\/4er-Sessel-Platz-Soerenberg.png 1536w\" sizes=\"auto, (max-width: 1024px) 100vw, 1024px\" \/><figcaption class=\"wp-element-caption\">Talstation Platz (800 Meter Gehweg von der Wohnung entfernt)<\/figcaption><\/figure>\n\n\n\n<h3 class=\"wp-block-heading\">Eure Vorteile in S\u00f6renberg:<\/h3>\n\n\n\n<ul class=\"wp-block-list\">\n<li><strong>Familienfreundlich<\/strong>: breite Pisten, Kinderangebote, entspannte Atmosph\u00e4re<\/li>\n\n\n\n<li><strong>Gut erreichbar<\/strong>: Von Luzern nur 45 Minuten, von den Niederlanden bequem mit Auto von zum Beispiel Utrecht nur 820 Kilometer<\/li>\n\n\n\n<li><strong>Fair im Preis<\/strong>: Authentisch &amp; bezahlbar<\/li>\n<\/ul>\n\n\n\n<figure class=\"wp-block-image size-large\"><a href=\"https:\/\/www.sss-soerenberg.ch\/\" target=\"_blank\" rel=\" noreferrer noopener\"><img loading=\"lazy\" decoding=\"async\" width=\"1024\" height=\"683\" src=\"https:\/\/rothornsicht.ch\/wp-content\/uploads\/2026\/01\/Kids-Village-Soerenberg-1024x683.png\" alt=\"Kids Village S\u00f6renberg\" class=\"wp-image-678\" srcset=\"https:\/\/rothornsicht.ch\/wp-content\/uploads\/2026\/01\/Kids-Village-Soerenberg-1024x683.png 1024w, https:\/\/rothornsicht.ch\/wp-content\/uploads\/2026\/01\/Kids-Village-Soerenberg-300x200.png 300w, https:\/\/rothornsicht.ch\/wp-content\/uploads\/2026\/01\/Kids-Village-Soerenberg-768x512.png 768w, https:\/\/rothornsicht.ch\/wp-content\/uploads\/2026\/01\/Kids-Village-Soerenberg-360x240.png 360w, https:\/\/rothornsicht.ch\/wp-content\/uploads\/2026\/01\/Kids-Village-Soerenberg.png 1536w\" sizes=\"auto, (max-width: 1024px) 100vw, 1024px\" \/><\/a><figcaption class=\"wp-element-caption\">Kinderland S\u00f6renberg (Skischule S\u00f6renberg)<\/figcaption><\/figure>\n\n\n\n<h3 class=\"wp-block-heading\">Ferienwohnung Rothornsicht \u2013 eure Basis im Schnee<\/h3>\n\n\n\n<ul class=\"wp-block-list\">\n<li><strong>Modern<\/strong>, gem\u00fctlich &amp; perfekt f\u00fcr Familien<\/li>\n\n\n\n<li>Traumhafte Aussicht aufs <strong>Brienzer Rothorn<\/strong><\/li>\n\n\n\n<li>Nahe an Pisten, Loipen &amp; Winterwanderwegen<\/li>\n<\/ul>\n\n\n\n<p>Geniesse die traumhafte Aussicht auf das Rothorn vom Balkon der Wohnung aus.<\/p>\n\n\n\n<figure class=\"wp-block-image size-large\"><img loading=\"lazy\" decoding=\"async\" width=\"1024\" height=\"683\" src=\"https:\/\/rothornsicht.ch\/wp-content\/uploads\/2026\/01\/Rothornsicht-Winter-1-1024x683.png\" alt=\"Aussicht Wohnung Rothornsicht\" class=\"wp-image-668\" srcset=\"https:\/\/rothornsicht.ch\/wp-content\/uploads\/2026\/01\/Rothornsicht-Winter-1-1024x683.png 1024w, https:\/\/rothornsicht.ch\/wp-content\/uploads\/2026\/01\/Rothornsicht-Winter-1-300x200.png 300w, https:\/\/rothornsicht.ch\/wp-content\/uploads\/2026\/01\/Rothornsicht-Winter-1-768x512.png 768w, https:\/\/rothornsicht.ch\/wp-content\/uploads\/2026\/01\/Rothornsicht-Winter-1-360x240.png 360w, https:\/\/rothornsicht.ch\/wp-content\/uploads\/2026\/01\/Rothornsicht-Winter-1.png 1536w\" sizes=\"auto, (max-width: 1024px) 100vw, 1024px\" \/><figcaption class=\"wp-element-caption\">Aussicht Wohnung Rothornsicht<\/figcaption><\/figure>\n\n\n\n<h2 class=\"wp-block-heading\">Der S\u00f6renberg ist Mitglied vom Magic Pass<\/h2>\n\n\n\n<p>Als Besitzer des <strong>Magic Pass<\/strong> lohnt es sich, ein paar Tage in S\u00f6renberg zu verbringen. Kombiniere die Vorteile unserer Ferienwohnung mit dem Magic Pass!<\/p>\n\n\n\n<p><a href=\"https:\/\/www.magicpass.ch\/\" target=\"_blank\" rel=\"noreferrer noopener\">Hier<\/a> finden Sie weitere Informationen zum Magic Pass.<\/p>\n\n\n\n<hr class=\"wp-block-separator has-text-color has-accent-color has-alpha-channel-opacity has-accent-background-color has-background\" style=\"margin-top:var(--wp--preset--spacing--50);margin-bottom:var(--wp--preset--spacing--50)\"\/>\n\n\n\n<div class=\"wp-block-buttons is-content-justification-center is-layout-flex wp-container-core-buttons-is-layout-a89b3969 wp-block-buttons-is-layout-flex\">\n<div class=\"wp-block-button\"><a class=\"wp-block-button__link has-accent-background-color has-background has-text-align-left wp-element-button\" href=\"https:\/\/rothornsicht.ch\/index.php\/appartement-rothornsicht-buchen\/#anfrage\">Zur Buchungsanfrage<\/a><\/div>\n<\/div>\n\n\n\n<hr class=\"wp-block-separator has-text-color has-accent-color has-alpha-channel-opacity has-accent-background-color has-background\" style=\"margin-top:var(--wp--preset--spacing--50);margin-bottom:var(--wp--preset--spacing--50)\"\/>\n\n\n\n<h2 class=\"wp-block-heading\">Die Ferienwohnung Rothornsicht<\/h2>\n\n\n\n<p>Unsere <strong>Ferienwohnung Rothornsicht<\/strong> ist der ideale Ausgangspunkt f\u00fcr Ihr Winterabenteuer:<\/p>\n\n\n\n<ul class=\"wp-block-list\">\n<li>Skilift bequem in <strong>Laufn\u00e4he<\/strong><\/li>\n\n\n\n<li>Kostenloser Skibus<\/li>\n\n\n\n<li><strong>Ger\u00e4umige Wohnung<\/strong> f\u00fcr bis zu 4 Personen<\/li>\n\n\n\n<li>Praktischer <strong>Skiraum <\/strong>f\u00fcr Ihre Ausr\u00fcstung<\/li>\n\n\n\n<li><strong>Eigener Parkplatz<\/strong> in der Einstellhalle<\/li>\n<\/ul>\n\n\n\n<p>So starten Sie <strong>entspannt in den Skitag<\/strong> und geniessen erholsame Stunden nach aktiven Tagen im Schnee.<\/p>\n\n\n\n<p class=\"has-text-align-center\"><strong>Ob Skifahren, Snowboarden, Schlitteln oder einfach die verschneite Natur geniessen \u2013 in S\u00f6renberg erleben Sie Winterferien, wie sie sein sollten.<\/strong><\/p>\n\n\n\n<hr class=\"wp-block-separator has-text-color has-accent-color has-alpha-channel-opacity has-accent-background-color has-background\" style=\"margin-top:var(--wp--preset--spacing--50);margin-bottom:var(--wp--preset--spacing--50)\"\/>\n\n\n\n<div class=\"wp-block-buttons is-content-justification-center is-layout-flex wp-container-core-buttons-is-layout-a89b3969 wp-block-buttons-is-layout-flex\">\n<div class=\"wp-block-button\"><a class=\"wp-block-button__link has-accent-background-color has-background has-text-align-left wp-element-button\" href=\"https:\/\/rothornsicht.ch\/index.php\/appartement-rothornsicht-buchen\/#anfrage\">Zur Buchungsanfrage<\/a><\/div>\n<\/div>\n\n\n\n<hr class=\"wp-block-separator has-text-color has-accent-color has-alpha-channel-opacity has-accent-background-color has-background\"\/>\n\n\n\n<p><\/p>\n","protected":false},"excerpt":{"rendered":"<p>Winterzauber in S\u00f6renberg \u2013 direkt vor der Haust\u00fcr Wenn die Landschaft in S\u00f6renberg in ihr weisses Winterkleid geh\u00fcllt ist, beginnt eine ganz besondere Zeit. Das familienfreundliche Skigebiet S\u00f6renberg lockt mit bestens pr\u00e4parierten Pisten, herrlichen Winterwanderwegen und traumhaften Aussichten im wundersch\u00f6nen Naturgebiet der UNESCO Biosph\u00e4re Entlebuch. Dank der guten Erreichbarkeit eignet [&hellip;]<\/p>\n","protected":false},"author":1,"featured_media":666,"parent":0,"menu_order":0,"comment_status":"closed","ping_status":"closed","template":"","meta":{"footnotes":""},"class_list":["post-381","page","type-page","status-publish","has-post-thumbnail","hentry"],"yoast_head":"<!-- This site is optimized with the Yoast SEO plugin v27.4 - https:\/\/yoast.com\/product\/yoast-seo-wordpress\/ -->\n<title>S\u00f6renberg im Winter - Ferienwohnung in S\u00f6renberg<\/title>\n<meta name=\"description\" content=\"S\u00f6renberg im Winter: Skifahren, Snowboarden und Natur geniessen. Unsere Ferienwohnung Rothornsicht liegt nahe am Skilift, ist ideal f\u00fcr 4 Personen und bietet Skiraum sowie Parkplatz in der Einstellhalle. Ihr gem\u00fctlicher R\u00fcckzugsort mitten im Winterparadies.\" \/>\n<meta name=\"robots\" content=\"index, follow, max-snippet:-1, max-image-preview:large, max-video-preview:-1\" \/>\n<link rel=\"canonical\" href=\"https:\/\/rothornsicht.ch\/index.php\/soerenberg-im-winter\/\" \/>\n<meta property=\"og:locale\" content=\"de_DE\" \/>\n<meta property=\"og:type\" content=\"article\" \/>\n<meta property=\"og:title\" content=\"S\u00f6renberg im Winter - Ferienwohnung in S\u00f6renberg\" \/>\n<meta property=\"og:description\" content=\"S\u00f6renberg im Winter: Skifahren, Snowboarden und Natur geniessen. Unsere Ferienwohnung Rothornsicht liegt nahe am Skilift, ist ideal f\u00fcr 4 Personen und bietet Skiraum sowie Parkplatz in der Einstellhalle. Ihr gem\u00fctlicher R\u00fcckzugsort mitten im Winterparadies.\" \/>\n<meta property=\"og:url\" content=\"https:\/\/rothornsicht.ch\/index.php\/soerenberg-im-winter\/\" \/>\n<meta property=\"og:site_name\" content=\"Ferienwohnung in S\u00f6renberg\" \/>\n<meta property=\"article:modified_time\" content=\"2026-04-05T16:17:49+00:00\" \/>\n<meta property=\"og:image\" content=\"https:\/\/rothornsicht.ch\/wp-content\/uploads\/2026\/01\/Rothornsicht-Winter-e1767597529179-1024x495.png\" \/>\n\t<meta property=\"og:image:width\" content=\"1024\" \/>\n\t<meta property=\"og:image:height\" content=\"495\" \/>\n\t<meta property=\"og:image:type\" content=\"image\/png\" \/>\n<meta name=\"twitter:card\" content=\"summary_large_image\" \/>\n<meta name=\"twitter:label1\" content=\"Gesch\u00e4tzte Lesezeit\" \/>\n\t<meta name=\"twitter:data1\" content=\"3\u00a0Minuten\" \/>\n<script type=\"application\/ld+json\" class=\"yoast-schema-graph\">{\"@context\":\"https:\\\/\\\/schema.org\",\"@graph\":[{\"@type\":\"WebPage\",\"@id\":\"https:\\\/\\\/rothornsicht.ch\\\/index.php\\\/soerenberg-im-winter\\\/\",\"url\":\"https:\\\/\\\/rothornsicht.ch\\\/index.php\\\/soerenberg-im-winter\\\/\",\"name\":\"S\u00f6renberg im Winter - Ferienwohnung in S\u00f6renberg\",\"isPartOf\":{\"@id\":\"https:\\\/\\\/rothornsicht.ch\\\/#website\"},\"primaryImageOfPage\":{\"@id\":\"https:\\\/\\\/rothornsicht.ch\\\/index.php\\\/soerenberg-im-winter\\\/#primaryimage\"},\"image\":{\"@id\":\"https:\\\/\\\/rothornsicht.ch\\\/index.php\\\/soerenberg-im-winter\\\/#primaryimage\"},\"thumbnailUrl\":\"https:\\\/\\\/rothornsicht.ch\\\/wp-content\\\/uploads\\\/2026\\\/01\\\/Rothornsicht-Winter-e1767597529179.png\",\"datePublished\":\"2025-08-07T07:14:33+00:00\",\"dateModified\":\"2026-04-05T16:17:49+00:00\",\"description\":\"S\u00f6renberg im Winter: Skifahren, Snowboarden und Natur geniessen. Unsere Ferienwohnung Rothornsicht liegt nahe am Skilift, ist ideal f\u00fcr 4 Personen und bietet Skiraum sowie Parkplatz in der Einstellhalle. Ihr gem\u00fctlicher R\u00fcckzugsort mitten im Winterparadies.\",\"breadcrumb\":{\"@id\":\"https:\\\/\\\/rothornsicht.ch\\\/index.php\\\/soerenberg-im-winter\\\/#breadcrumb\"},\"inLanguage\":\"de\",\"potentialAction\":[{\"@type\":\"ReadAction\",\"target\":[\"https:\\\/\\\/rothornsicht.ch\\\/index.php\\\/soerenberg-im-winter\\\/\"]}]},{\"@type\":\"ImageObject\",\"inLanguage\":\"de\",\"@id\":\"https:\\\/\\\/rothornsicht.ch\\\/index.php\\\/soerenberg-im-winter\\\/#primaryimage\",\"url\":\"https:\\\/\\\/rothornsicht.ch\\\/wp-content\\\/uploads\\\/2026\\\/01\\\/Rothornsicht-Winter-e1767597529179.png\",\"contentUrl\":\"https:\\\/\\\/rothornsicht.ch\\\/wp-content\\\/uploads\\\/2026\\\/01\\\/Rothornsicht-Winter-e1767597529179.png\",\"width\":1536,\"height\":742,\"caption\":\"Aussicht Wohnung Rothornischt\"},{\"@type\":\"BreadcrumbList\",\"@id\":\"https:\\\/\\\/rothornsicht.ch\\\/index.php\\\/soerenberg-im-winter\\\/#breadcrumb\",\"itemListElement\":[{\"@type\":\"ListItem\",\"position\":1,\"name\":\"Startseite\",\"item\":\"https:\\\/\\\/rothornsicht.ch\\\/\"},{\"@type\":\"ListItem\",\"position\":2,\"name\":\"S\u00f6renberg im Winter\"}]},{\"@type\":\"WebSite\",\"@id\":\"https:\\\/\\\/rothornsicht.ch\\\/#website\",\"url\":\"https:\\\/\\\/rothornsicht.ch\\\/\",\"name\":\"Rothornsicht - Sicht auf Entspannung\",\"description\":\"Sommer- und Winterferien in S\u00f6renberg\",\"publisher\":{\"@id\":\"https:\\\/\\\/rothornsicht.ch\\\/#organization\"},\"potentialAction\":[{\"@type\":\"SearchAction\",\"target\":{\"@type\":\"EntryPoint\",\"urlTemplate\":\"https:\\\/\\\/rothornsicht.ch\\\/?s={search_term_string}\"},\"query-input\":{\"@type\":\"PropertyValueSpecification\",\"valueRequired\":true,\"valueName\":\"search_term_string\"}}],\"inLanguage\":\"de\"},{\"@type\":\"Organization\",\"@id\":\"https:\\\/\\\/rothornsicht.ch\\\/#organization\",\"name\":\"Rothornsicht Ferienwohnung\",\"url\":\"https:\\\/\\\/rothornsicht.ch\\\/\",\"logo\":{\"@type\":\"ImageObject\",\"inLanguage\":\"de\",\"@id\":\"https:\\\/\\\/rothornsicht.ch\\\/#\\\/schema\\\/logo\\\/image\\\/\",\"url\":\"https:\\\/\\\/rothornsicht.ch\\\/wp-content\\\/uploads\\\/2025\\\/07\\\/cropped-Logo_Rothornsicht_ch_tr.png\",\"contentUrl\":\"https:\\\/\\\/rothornsicht.ch\\\/wp-content\\\/uploads\\\/2025\\\/07\\\/cropped-Logo_Rothornsicht_ch_tr.png\",\"width\":400,\"height\":319,\"caption\":\"Rothornsicht Ferienwohnung\"},\"image\":{\"@id\":\"https:\\\/\\\/rothornsicht.ch\\\/#\\\/schema\\\/logo\\\/image\\\/\"}}]}<\/script>\n<!-- \/ Yoast SEO plugin. -->","yoast_head_json":{"title":"S\u00f6renberg im Winter - Ferienwohnung in S\u00f6renberg","description":"S\u00f6renberg im Winter: Skifahren, Snowboarden und Natur geniessen. Unsere Ferienwohnung Rothornsicht liegt nahe am Skilift, ist ideal f\u00fcr 4 Personen und bietet Skiraum sowie Parkplatz in der Einstellhalle. Ihr gem\u00fctlicher R\u00fcckzugsort mitten im Winterparadies.","robots":{"index":"index","follow":"follow","max-snippet":"max-snippet:-1","max-image-preview":"max-image-preview:large","max-video-preview":"max-video-preview:-1"},"canonical":"https:\/\/rothornsicht.ch\/index.php\/soerenberg-im-winter\/","og_locale":"de_DE","og_type":"article","og_title":"S\u00f6renberg im Winter - Ferienwohnung in S\u00f6renberg","og_description":"S\u00f6renberg im Winter: Skifahren, Snowboarden und Natur geniessen. Unsere Ferienwohnung Rothornsicht liegt nahe am Skilift, ist ideal f\u00fcr 4 Personen und bietet Skiraum sowie Parkplatz in der Einstellhalle. Ihr gem\u00fctlicher R\u00fcckzugsort mitten im Winterparadies.","og_url":"https:\/\/rothornsicht.ch\/index.php\/soerenberg-im-winter\/","og_site_name":"Ferienwohnung in S\u00f6renberg","article_modified_time":"2026-04-05T16:17:49+00:00","og_image":[{"width":1024,"height":495,"url":"https:\/\/rothornsicht.ch\/wp-content\/uploads\/2026\/01\/Rothornsicht-Winter-e1767597529179-1024x495.png","type":"image\/png"}],"twitter_card":"summary_large_image","twitter_misc":{"Gesch\u00e4tzte Lesezeit":"3\u00a0Minuten"},"schema":{"@context":"https:\/\/schema.org","@graph":[{"@type":"WebPage","@id":"https:\/\/rothornsicht.ch\/index.php\/soerenberg-im-winter\/","url":"https:\/\/rothornsicht.ch\/index.php\/soerenberg-im-winter\/","name":"S\u00f6renberg im Winter - Ferienwohnung in S\u00f6renberg","isPartOf":{"@id":"https:\/\/rothornsicht.ch\/#website"},"primaryImageOfPage":{"@id":"https:\/\/rothornsicht.ch\/index.php\/soerenberg-im-winter\/#primaryimage"},"image":{"@id":"https:\/\/rothornsicht.ch\/index.php\/soerenberg-im-winter\/#primaryimage"},"thumbnailUrl":"https:\/\/rothornsicht.ch\/wp-content\/uploads\/2026\/01\/Rothornsicht-Winter-e1767597529179.png","datePublished":"2025-08-07T07:14:33+00:00","dateModified":"2026-04-05T16:17:49+00:00","description":"S\u00f6renberg im Winter: Skifahren, Snowboarden und Natur geniessen. Unsere Ferienwohnung Rothornsicht liegt nahe am Skilift, ist ideal f\u00fcr 4 Personen und bietet Skiraum sowie Parkplatz in der Einstellhalle. Ihr gem\u00fctlicher R\u00fcckzugsort mitten im Winterparadies.","breadcrumb":{"@id":"https:\/\/rothornsicht.ch\/index.php\/soerenberg-im-winter\/#breadcrumb"},"inLanguage":"de","potentialAction":[{"@type":"ReadAction","target":["https:\/\/rothornsicht.ch\/index.php\/soerenberg-im-winter\/"]}]},{"@type":"ImageObject","inLanguage":"de","@id":"https:\/\/rothornsicht.ch\/index.php\/soerenberg-im-winter\/#primaryimage","url":"https:\/\/rothornsicht.ch\/wp-content\/uploads\/2026\/01\/Rothornsicht-Winter-e1767597529179.png","contentUrl":"https:\/\/rothornsicht.ch\/wp-content\/uploads\/2026\/01\/Rothornsicht-Winter-e1767597529179.png","width":1536,"height":742,"caption":"Aussicht Wohnung Rothornischt"},{"@type":"BreadcrumbList","@id":"https:\/\/rothornsicht.ch\/index.php\/soerenberg-im-winter\/#breadcrumb","itemListElement":[{"@type":"ListItem","position":1,"name":"Startseite","item":"https:\/\/rothornsicht.ch\/"},{"@type":"ListItem","position":2,"name":"S\u00f6renberg im Winter"}]},{"@type":"WebSite","@id":"https:\/\/rothornsicht.ch\/#website","url":"https:\/\/rothornsicht.ch\/","name":"Rothornsicht - Sicht auf Entspannung","description":"Sommer- und Winterferien in S\u00f6renberg","publisher":{"@id":"https:\/\/rothornsicht.ch\/#organization"},"potentialAction":[{"@type":"SearchAction","target":{"@type":"EntryPoint","urlTemplate":"https:\/\/rothornsicht.ch\/?s={search_term_string}"},"query-input":{"@type":"PropertyValueSpecification","valueRequired":true,"valueName":"search_term_string"}}],"inLanguage":"de"},{"@type":"Organization","@id":"https:\/\/rothornsicht.ch\/#organization","name":"Rothornsicht Ferienwohnung","url":"https:\/\/rothornsicht.ch\/","logo":{"@type":"ImageObject","inLanguage":"de","@id":"https:\/\/rothornsicht.ch\/#\/schema\/logo\/image\/","url":"https:\/\/rothornsicht.ch\/wp-content\/uploads\/2025\/07\/cropped-Logo_Rothornsicht_ch_tr.png","contentUrl":"https:\/\/rothornsicht.ch\/wp-content\/uploads\/2025\/07\/cropped-Logo_Rothornsicht_ch_tr.png","width":400,"height":319,"caption":"Rothornsicht Ferienwohnung"},"image":{"@id":"https:\/\/rothornsicht.ch\/#\/schema\/logo\/image\/"}}]}},"jetpack_sharing_enabled":true,"_links":{"self":[{"href":"https:\/\/rothornsicht.ch\/index.php\/wp-json\/wp\/v2\/pages\/381","targetHints":{"allow":["GET"]}}],"collection":[{"href":"https:\/\/rothornsicht.ch\/index.php\/wp-json\/wp\/v2\/pages"}],"about":[{"href":"https:\/\/rothornsicht.ch\/index.php\/wp-json\/wp\/v2\/types\/page"}],"author":[{"embeddable":true,"href":"https:\/\/rothornsicht.ch\/index.php\/wp-json\/wp\/v2\/users\/1"}],"replies":[{"embeddable":true,"href":"https:\/\/rothornsicht.ch\/index.php\/wp-json\/wp\/v2\/comments?post=381"}],"version-history":[{"count":48,"href":"https:\/\/rothornsicht.ch\/index.php\/wp-json\/wp\/v2\/pages\/381\/revisions"}],"predecessor-version":[{"id":699,"href":"https:\/\/rothornsicht.ch\/index.php\/wp-json\/wp\/v2\/pages\/381\/revisions\/699"}],"wp:featuredmedia":[{"embeddable":true,"href":"https:\/\/rothornsicht.ch\/index.php\/wp-json\/wp\/v2\/media\/666"}],"wp:attachment":[{"href":"https:\/\/rothornsicht.ch\/index.php\/wp-json\/wp\/v2\/media?parent=381"}],"curies":[{"name":"wp","href":"https:\/\/api.w.org\/{rel}","templated":true}]}}